 - g*l + 5 = 0, -4*x + 17 = -l + 4*l. What is the units digit of x?
2
Let y(l) = l**3 - 15*l**2 - 11*l - 18. What is the units digit of y(16)?
2
Let h be 36/3*(-4)/(-8). Let k(g) = 2*g**2 - 12*g - 21. Let t(f) = f**2 - 6*f - 11. Let i(d) = -3*k(d) + 5*t(d). What is the units digit of i(h)?
8
Let w(b) = -4*b - 4. Let a be w(-6). Suppose 4*t + a = 4*v, -5*t - 24 = -4. Let o = v + 3. What is the units digit of o?
4
Let w(j) = 3*j**3 - j. Let b be w(1). Suppose p = -p + b. What is the units digit of p?
1
Let p(t) = -14*t**2 + t. Let k be p(-1). Let u = 36 + k. What is the tens digit of u?
2
Let b(p) = -6*p - 3. Suppose -4*d + 4 = -5*d. Let m be b(d). Suppose j - 8 = 2*k - m, 2*j - 2 = 0. What is the units digit of k?
7
What is the tens digit of (26/(-3))/((-6)/9)?
1
Let i be (-9)/12*(52 - 0). Let w = 55 + i. What is the units digit of w?
6
Let a = -21 + 24. What is the tens digit of (-210)/(-20)*10/a?
3
Suppose -q + 5*q - 904 = 0. What is the hundreds digit of q?
2
Suppose 0 = -2*f - 2 + 4. What is the units digit of f?
1
Suppose 3*c - 75 = 2*y + 3*y, -3*c - 2*y + 96 = 0. Suppose -2*r - r = -c. What is the units digit of r?
0
Let n be (-105)/42*(-12)/(-10). Let d(p) = -p**3 - 2*p**2 - 3*p - 3. What is the units digit of d(n)?
5
Let x(r) = r**3 - 11*r**2 - 12*r + 7. Suppose 57 = 3*z - 3*y, 5*z - 79 = -y - 8. Suppose -d + z = 3. What is the units digit of x(d)?
7
Suppose 3*c = -4*s - 6, -5*c - 2*s + s + 7 = 0. Suppose 0 = -5*l + z - 64 + 2, 6 = -c*z. Let i = -4 - l. What is the units digit of i?
9
Suppose -3*a - 16 = 2. What is the tens digit of (-160)/a - 3/(-9)?
2
Let l(r) = r**2 + 4*r - 10. What is the units digit of l(-9)?
5
Let s(q) = q**3 - 5*q**2 - 7*q + 7. Let n be s(6). Let v = 8 - n. What is the units digit of v?
7
Suppose 4*z + 4 = 2*z. Suppose b = -2*b + 6. What is the units digit of (-17)/z + (-1)/b?
8
Let o be (-1)/((-4)/12) - 6. What is the units digit of -3 + 2 + o + 14?
0
Let s be 1 - (2 + (0 - 0)). Let c(t) = 8*t**2 + 1. What is the units digit of c(s)?
9
Suppose 0 = a - 13 - 13. What is the tens digit of a?
2
Suppose 7*v + t = 3*v + 88, -3*v + t + 73 = 0. What is the tens digit of v?
2
Let o = -26 + 52. What is the units digit of o?
6
Suppose 2*i = -2*i + 20. Let o(s) = i + 6*s - 2 - s - 1. What is the units digit of o(2)?
2
Let z(v) = -8*v - 1. Let k = 1 + -2. What is the units digit of z(k)?
7
Let z = 41 - 6. What is the tens digit of z?
3
Suppose 0 = -10*f + 5*f + 105. What is the tens digit of f?
2
Let w(u) = u**3 + 6*u**2 + 2*u - 1. Let h(j) = 2*j**3 + 7*j**2 + 3*j - 2. Let t(d) = -2*h(d) + 3*w(d). What is the units digit of t(4)?
1
What is the tens digit of 8 + 87 - 3*(-1)/(-1)?
9
Suppose 2*i = -i + 117. Suppose 2*u - 28 = 4*w, -5*w - 20 = -4*u + i. What is the units digit of u?
6
Suppose h + 0*h = -1. Let m(c) = -c**2 - c + 3. Let a be m(0). Let k = h + a. What is the units digit of k?
2
Let b be ((-2)/(-6))/(6/936). Let j = b + -24. What is the tens digit of j?
2
Let p = 38 - 18. Suppose -w = -3*w + p. What is the units digit of w?
0
Suppose 21 + 13 = j. Suppose -2*t + j = 6. Let d = 24 - t. What is the units digit of d?
0
Suppose -6*b = -10*b + 80. Suppose -3*f - 24 = -2*x, -b = -f - 4*f. What is the tens digit of x?
1
Let z(o) = o**3 + 11*o**2 + 11*o - 1. What is the tens digit of z(-9)?
6
Let u(x) be the first derivative of -5*x**2/2 + 1. What is the units digit of u(-1)?
5
Let i(q) = 38*q**2 - 2*q - 1. What is the tens digit of i(-1)?
3
Suppose -5*l - 9 = 11. What is the tens digit of (40/15)/(l/(-78))?
5
Let l = 5 - 0. Let p = -1 + 1. Suppose l*n + 55 = 5*z - p*n, z - 20 = 4*n. What is the units digit of z?
8
Suppose 3*c - 2*o = 76, -3*c + 4*o = -0*c - 68. What is the tens digit of c?
2
Let c = 25 - -53. What is the units digit of c?
8
Suppose -2*i - 7 = -103. Suppose 4*r - 4*y + 14 = 114, 0 = -2*r + 4*y + i. What is the tens digit of r?
2
Let j(c) be the second derivative of c - 1/12*c**4 + 0 + 1/6*c**3 + 4*c**2 + 1/20*c**5. What is the units digit of j(0)?
8
Suppose 2*z + 8 + 4 = 0. Let p(l) = l + 14. What is the units digit of p(z)?
8
Suppose 5*b = -5*h, 8 = 5*b + h + 2*h. Let q be (-11)/(-4) + b/16. Let m(l) = 3*l. What is the units digit of m(q)?
9
Let s(h) = -2*h + 3. Let o(r) = -5*r + 6. Let g(i) = 4*o(i) - 9*s(i). Let y be g(10). Let c = y + 33. What is the units digit of c?
0
Suppose o + 245 = 2*a + 3*a, -3*o + 245 = 5*a. What is the units digit of a?
9
What is the units digit of 3 + 14 + 3/1?
0
Let c(j) = j - 7. Suppose -4*x = -x + 5*k - 47, -2*x - 5*k + 38 = 0. What is the units digit of c(x)?
2
Let p(f) = f**2 + 3*f + 1. Let m be p(-3). Suppose -3*v + 2*v + 11 = 0. What is the tens digit of (m - v)*(-4 + 3)?
1
Let h = -4 - -8. Let l = -2 + h. Let f = 7 - l. What is the units digit of f?
5
Let m = 86 + -32. What is the tens digit of m?
5
Let g = -6 + 5. Suppose 0 = -3*i + 6*i + 3. What is the units digit of g + i - (-9 - 4)?
1
Let g(x) be the second derivative of -x**5/20 + x**4/3 + x**3 - x**2 - 2*x. Let z be g(5). What is the units digit of 69/5 + z/15?
4
Let b(f) = 4*f. Suppose 0*l + 3*l - 15 = 0. What is the tens digit of b(l)?
2
Let w = 1 - -2. Suppose -3*y + w = -0*y. Let o = y + 3. What is the units digit of o?
4
Suppose 441 = 5*o + 4*s, 3*s - 8 = s. What is the tens digit of o?
8
Let q = 19 - -31. What is the tens digit of q?
5
Let f = 15 - 22. Let z(m) = m + 7. Let l be z(f). What is the units digit of 2 + (0 - 0) + l?
2
What is the tens digit of 188/3 + (-26)/39?
6
Suppose -4*d + 4*w + 4 = 0, w + 2*w + 7 = 4*d. What is the units digit of d?
4
Suppose -4*y - k + 849 + 152 = 0, 2*y - 2*k = 508. What is the tens digit of y?
5
Let d = -28 + 50. Suppose -8*v + d = -6*v. What is the tens digit of v?
1
Suppose 2*l + 4*s = s + 263, 0 = 4*s - 4. What is the tens digit of l?
3
Let w = 54 - 38. What is the tens digit of w?
1
Let w(a) = -a + 1. Let v be w(-1). Let p be (-7)/(-2)*(4 - v). Let o(k) = -k**2 + 7*k + 4. What is the units digit of o(p)?
4
What is the tens digit of 32 + (-3 - 1) - -3?
3
Let c = 11 + -13. Let j(f) = 2*f + 6. Let t be j(-5). Let v = c - t. What is the units digit of v?
2
Let t = -3 - -15. Let c = -11 + t. Suppose 1 = 2*k - c. What is the units digit of k?
1
Let b = 8 - -8. Suppose 2*d - d = 2*t + 4, -2*d - t + 13 = 0. Suppose 2*r - d*r = -b. What is the units digit of r?
4
Let r be (-2)/(-5) - 43/(-5). Let x(a) = 2*a**2 - 2*a - 2. Let s be x(-2). What is the units digit of 6/r*-3 + s?
8
Suppose 10 = -4*f + 2. Let v = f - -8. What is the units digit of 6/((-2)/v*-2)?
9
Suppose -3*r - 15 = 0, -3*b + 5*b - r = 9. Suppose -2*h + 2*j = -2, 0 = -b*h - 3*h + 2*j + 11. What is the units digit of h?
3
Let i be (-11 + 3)/(-2) + -3. Let z be -114*i/(6/(-3)). Suppose -2*j + z = 2*j + v, -3*j - 3*v = -45. What is the units digit of j?
4
Suppose -4*a - 106 - 2 = -2*j, -154 = -3*j + 2*a. Suppose 2*y - j = -3*w, 2*y - 45 = -3*w + 5*y. What is the tens digit of w?
1
Suppose 4*b - 5*g - 16 - 12 = 0, 5*b - 52 = 2*g. Let p = 38 - b. What is the tens digit of p?
2
Suppose 0 = 2*t - 3*t + 1. Suppose -t + 0 = a. What is the units digit of a/3 - (-7)/3?
2
Suppose 0 = -2*w + 19 + 5. What is the units digit of (3 - 2)*(w - 1)?
1
What is the units digit of 24/40 - (-394)/10?
0
Let y be 54/(-5) - (-1)/(-5). Let z = y - -44. Suppose w - 1 = -2*a, -z = -3*w - a + 5*a. What is the units digit of w?
7
What is the hundreds digit of ((-578)/(-4))/1 + (-1)/(-2)?
1
Suppose 2*f = -f + 285. What is the tens digit of f?
9
Suppose 0*f - 5*f + 195 = 0. What is the units digit of f?
9
What is the tens digit of (-48)/(-32) + 750/4?
8
Suppose 167 = t + 3*c, 2*c - c = 2*t - 348. What is the hundreds digit of t?
1
Suppose 0 = h - 0*h - 2*t + 6, 3*h = 2*t - 26. What is the units digit of -3 + 5 - 3 - h?
9
Let i be (21/14)/((-2)/(-4)). Let d(m) be the second derivative of m**4/12 - 2*m**2 - m. What is the units digit of d(i)?
5
Let r = 5 + 12. Suppose 4*y + 1 = -5*t + 8, 0 = 4*y + 3*t - r. Suppose 0*q + y = 2*q. What is the units digit of q?
4
Let i be 2/((-7)/(252/(-8))). Let d = 15 - i. What is the units digit of d?
6
Suppose 2*k + 16 = 108. Suppose k - 6 = 5*q. What is the units digit of q?
8
Let r(i) = -6*i + 3. Let k be r(3). Let u = 21 + k. What is the units digit of u?
6
Let i(l) = 23*l + 4. What is the tens digit of i(